{"id":1207,"date":"2013-02-15T13:56:26","date_gmt":"2013-02-15T12:56:26","guid":{"rendered":"http:\/\/cgtcantabria.org\/wp\/?page_id=1207"},"modified":"2014-02-04T12:36:52","modified_gmt":"2014-02-04T10:36:52","slug":"mujer","status":"publish","type":"page","link":"https:\/\/cgtcantabria.org\/wp\/?page_id=1207","title":{"rendered":"Derecho al Aborto"},"content":{"rendered":"<p><strong>Comisi\u00f3n por el Derecho al Aborto &#8211; Cantabria<br \/>\n<\/strong><\/p>\n<p><strong>S\u00c1BADO 8 DE FEBRERO, A LAS 12:00 HORAS<br \/>\nPLAZA DEL AYUNTAMIENTO, SANTANDER<\/strong><\/p>\n<p><a href=\"http:\/\/cgtcantabria.org\/wp\/wp-content\/uploads\/2014\/02\/2014020801-cartel-concentraci\u00f3n.jpg\"><img loading=\"lazy\" decoding=\"async\" alt=\"cartel concentracion\" src=\"http:\/\/cgtcantabria.org\/wp\/wp-content\/uploads\/2014\/02\/2014020801-cartel-concentraci\u00f3n-1024x723.jpg\" width=\"640\" height=\"451\" \/><\/a><\/p>\n<p>Para la CGT, las <strong>Mujeres<\/strong> no renunciamos a nuestro derecho a decidir sobre nuestro cuerpo, nuestra maternidad, nuestra vida. Vamos a luchar por ello, vamos a seguir defendiendo nuestros derechos y lo vamos a hacer contra esta contrarreforma del Ministro Gallard\u00f3n, contra este atropello y abuso de poder de un gobierno absolutista, contra el poder y la influencia en la vida p\u00fablica de la Conferencia Episcopal y contra los sectores ultraconservadores que pretenden relegarnos a las <strong>mujeres<\/strong> a un papel secundario en la sociedad, a un papel de pura funci\u00f3n reproductiva.<\/p>\n<p>La reforma de la ley del aborto del ministro de justicia Gallard\u00f3n elimina el derecho logrado por las <strong>mujeres<\/strong> a abortar en la sanidad p\u00fablica en las primeras 14 semanas y har\u00e1, a niveles pr\u00e1cticos, imposible abortar en Espa\u00f1a. En la situaci\u00f3n de crisis econ\u00f3mica actual, especialmente entre las <strong>mujeres<\/strong>, la nueva ley provocar\u00e1 que existan abortos clandestinos, por tanto, se incrementar\u00e1 el riesgo de muertes de <strong>mujeres<\/strong>. Esto es pura violencia de estado hacia las <strong>mujeres<\/strong>.<\/p>\n<p>El nombre de la reforma deja bien claro los intereses que la mueven. La Ley Org\u00e1nica de Protecci\u00f3n de la Vida del Concebido y de los Derechos de la Mujer Embarazada, antepone los derechos del feto a los de la mujer y representa el mayor atentado contra la dignidad de las <strong>mujeres<\/strong> en su lucha por la igualdad de las \u00faltimas d\u00e9cadas.<\/p>\n<p>Es una ley ideol\u00f3gica, que pretende claramente regir, imponer la moral cat\u00f3lica que debe implantarse en toda la sociedad, una ley que plantea el aborto como un delito que s\u00f3lo se despenaliza en dos supuestos y con enormes restricciones para acogerse a ellos, la violaci\u00f3n (alegable en las primeras 12 semanas) y el \u201cgrave peligro para la vida o la salud f\u00edsica o ps\u00edquica\u201d de la mujer (alegable en las primeras 22 semanas), mientras que la presencia de malformaciones fetales grav\u00edsimas o enfermedades del feto no ser\u00e1n motivo legal de aborto.<\/p>\n<p>Esta reforma ampl\u00eda el derecho a la objeci\u00f3n de conciencia a todo el personal sanitario que pueda tener la m\u00e1s m\u00ednima participaci\u00f3n en el proceso, desde quien pr\u00e1ctica el aborto al personal auxiliar administrativo que trabaje ese d\u00eda en el hospital.<\/p>\n<p>El caballero andante machista ministro Gallard\u00f3n, considerando a la mujer una d\u00e9bil mental, la considera como v\u00edctima y s\u00f3lo plantea sanciones para el personal sanitario que intervenga en el aborto.<\/p>\n<p>Con esta contrarreforma, el gobierno renuncia adem\u00e1s a una pol\u00edtica preventiva que desarrolle programas de educaci\u00f3n sanitaria, sexual, que fomente la formaci\u00f3n en la diversidad sexual, la planificaci\u00f3n familiar, el uso de los m\u00e9todos anticonceptivos, que apueste claramente por la igualdad entre hombres y <strong>mujeres<\/strong>.<\/p>\n<p>\u200b Desde CGT consideramos que sin respeto a los derechos de la mujer, se genera una violencia institucional que se generaliza entre toda la sociedad y desplaza a la mujer a una situaci\u00f3n de inferioridad, sumisi\u00f3n y desigualdad que perpetuar\u00e1n el patriarcado y la violencia machista.<\/p>\n<p>La CGT va a seguir defendiendo en la calle, con argumentos, convicciones, con \u00e9tica y moral anarcofeminista, la despenalizaci\u00f3n del aborto fuera de plazos y supuestos, un aborto libre, p\u00fablico y gratuito.<\/p>\n<p>La represi\u00f3n y discriminaci\u00f3n contra la mujer como colectivo es evidente en c\u00f3mo est\u00e1 sufriendo especialmente la crisis econ\u00f3mica, su discriminaci\u00f3n salarial, laboral, el desempleo, el trabajo de cuidados meramente reproductivo. Esta nueva reforma de recorte de derechos de la mujer que plantea la reforma del aborto es un grave paso atr\u00e1s en su lucha por la igualdad formal y real.<\/p>\n<p>Para la CGT abortar no es un capricho, ni algo placentero, es un derecho, no una obligaci\u00f3n, ni un delito, un derecho que corresponde a la mujer porque nosotras parimos y nosotras decidimos.<\/p>\n<p>Paula Ruiz Roa<\/p>\n<p>Secretar\u00eda de la Mujer.<\/p>\n<p>Comit\u00e9 Confederal de CGT<\/p>\n<p>&nbsp;<\/p>\n<p>&nbsp;<\/p>\n<p style=\"text-align: center;\">\n","protected":false},"excerpt":{"rendered":"<p>Comisi\u00f3n por el Derecho al Aborto &#8211; Cantabria S\u00c1BADO 8 DE FEBRERO, A LAS 12:00 HORAS PLAZA DEL AYUNTAMIENTO, SANTANDER Para la CGT, las Mujeres no renunciamos a nuestro derecho a decidir sobre nuestro cuerpo, nuestra maternidad, nuestra vida. Vamos &hellip; <a href=\"https:\/\/cgtcantabria.org\/wp\/?page_id=1207\">Sigue leyendo <span class=\"meta-nav\">&rarr;<\/span><\/a><\/p>\n","protected":false},"author":13,"featured_media":0,"parent":0,"menu_order":0,"comment_status":"open","ping_status":"open","template":"","meta":{"footnotes":""},"class_list":["post-1207","page","type-page","status-publish","hentry"],"_links":{"self":[{"href":"https:\/\/cgtcantabria.org\/wp\/index.php?rest_route=\/wp\/v2\/pages\/1207","targetHints":{"allow":["GET"]}}],"collection":[{"href":"https:\/\/cgtcantabria.org\/wp\/index.php?rest_route=\/wp\/v2\/pages"}],"about":[{"href":"https:\/\/cgtcantabria.org\/wp\/index.php?rest_route=\/wp\/v2\/types\/page"}],"author":[{"embeddable":true,"href":"https:\/\/cgtcantabria.org\/wp\/index.php?rest_route=\/wp\/v2\/users\/13"}],"replies":[{"embeddable":true,"href":"https:\/\/cgtcantabria.org\/wp\/index.php?rest_route=%2Fwp%2Fv2%2Fcomments&post=1207"}],"version-history":[{"count":13,"href":"https:\/\/cgtcantabria.org\/wp\/index.php?rest_route=\/wp\/v2\/pages\/1207\/revisions"}],"predecessor-version":[{"id":1686,"href":"https:\/\/cgtcantabria.org\/wp\/index.php?rest_route=\/wp\/v2\/pages\/1207\/revisions\/1686"}],"wp:attachment":[{"href":"https:\/\/cgtcantabria.org\/wp\/index.php?rest_route=%2Fwp%2Fv2%2Fmedia&parent=1207"}],"curies":[{"name":"wp","href":"https:\/\/api.w.org\/{rel}","templated":true}]}}

<p><strong>Comisión por el Derecho al Aborto &#8211; Cantabria<br />
</strong></p>
<p><strong>SÁBADO 8 DE FEBRERO, A LAS 12:00 HORAS<br />
PLAZA DEL AYUNTAMIENTO, SANTANDER</strong></p>
<p><a href="http://cgtcantabria.org/wp/wp-content/uploads/2014/02/2014020801-cartel-concentración.jpg"><img loading="lazy" decoding="async" alt="cartel concentracion" src="http://cgtcantabria.org/wp/wp-content/uploads/2014/02/2014020801-cartel-concentración-1024x723.jpg" width="640" height="451" /></a></p>
<p>Para la CGT, las <strong>Mujeres</strong> no renunciamos a nuestro derecho a decidir sobre nuestro cuerpo, nuestra maternidad, nuestra vida. Vamos a luchar por ello, vamos a seguir defendiendo nuestros derechos y lo vamos a hacer contra esta contrarreforma del Ministro Gallardón, contra este atropello y abuso de poder de un gobierno absolutista, contra el poder y la influencia en la vida pública de la Conferencia Episcopal y contra los sectores ultraconservadores que pretenden relegarnos a las <strong>mujeres</strong> a un papel secundario en la sociedad, a un papel de pura función reproductiva.</p>
<p>La reforma de la ley del aborto del ministro de justicia Gallardón elimina el derecho logrado por las <strong>mujeres</strong> a abortar en la sanidad pública en las primeras 14 semanas y hará, a niveles prácticos, imposible abortar en España. En la situación de crisis económica actual, especialmente entre las <strong>mujeres</strong>, la nueva ley provocará que existan abortos clandestinos, por tanto, se incrementará el riesgo de muertes de <strong>mujeres</strong>. Esto es pura violencia de estado hacia las <strong>mujeres</strong>.</p>
<p>El nombre de la reforma deja bien claro los intereses que la mueven. La Ley Orgánica de Protección de la Vida del Concebido y de los Derechos de la Mujer Embarazada, antepone los derechos del feto a los de la mujer y representa el mayor atentado contra la dignidad de las <strong>mujeres</strong> en su lucha por la igualdad de las últimas décadas.</p>
<p>Es una ley ideológica, que pretende claramente regir, imponer la moral católica que debe implantarse en toda la sociedad, una ley que plantea el aborto como un delito que sólo se despenaliza en dos supuestos y con enormes restricciones para acogerse a ellos, la violación (alegable en las primeras 12 semanas) y el “grave peligro para la vida o la salud física o psíquica” de la mujer (alegable en las primeras 22 semanas), mientras que la presencia de malformaciones fetales gravísimas o enfermedades del feto no serán motivo legal de aborto.</p>
<p>Esta reforma amplía el derecho a la objeción de conciencia a todo el personal sanitario que pueda tener la más mínima participación en el proceso, desde quien práctica el aborto al personal auxiliar administrativo que trabaje ese día en el hospital.</p>
<p>El caballero andante machista ministro Gallardón, considerando a la mujer una débil mental, la considera como víctima y sólo plantea sanciones para el personal sanitario que intervenga en el aborto.</p>
<p>Con esta contrarreforma, el gobierno renuncia además a una política preventiva que desarrolle programas de educación sanitaria, sexual, que fomente la formación en la diversidad sexual, la planificación familiar, el uso de los métodos anticonceptivos, que apueste claramente por la igualdad entre hombres y <strong>mujeres</strong>.</p>
<p>​ Desde CGT consideramos que sin respeto a los derechos de la mujer, se genera una violencia institucional que se generaliza entre toda la sociedad y desplaza a la mujer a una situación de inferioridad, sumisión y desigualdad que perpetuarán el patriarcado y la violencia machista.</p>
<p>La CGT va a seguir defendiendo en la calle, con argumentos, convicciones, con ética y moral anarcofeminista, la despenalización del aborto fuera de plazos y supuestos, un aborto libre, público y gratuito.</p>
<p>La represión y discriminación contra la mujer como colectivo es evidente en cómo está sufriendo especialmente la crisis económica, su discriminación salarial, laboral, el desempleo, el trabajo de cuidados meramente reproductivo. Esta nueva reforma de recorte de derechos de la mujer que plantea la reforma del aborto es un grave paso atrás en su lucha por la igualdad formal y real.</p>
<p>Para la CGT abortar no es un capricho, ni algo placentero, es un derecho, no una obligación, ni un delito, un derecho que corresponde a la mujer porque nosotras parimos y nosotras decidimos.</p>
<p>Paula Ruiz Roa</p>
<p>Secretaría de la Mujer.</p>
<p>Comité Confederal de CGT</p>
<p>&nbsp;</p>
<p>&nbsp;</p>
<p style="text-align: center;">

<p>Comisión por el Derecho al Aborto &#8211; Cantabria SÁBADO 8 DE FEBRERO, A LAS 12:00 HORAS PLAZA DEL AYUNTAMIENTO, SANTANDER Para la CGT, las Mujeres no renunciamos a nuestro derecho a decidir sobre nuestro cuerpo, nuestra maternidad, nuestra vida. Vamos &hellip; <a href="https://cgtcantabria.org/wp/?page_id=1207">Sigue leyendo <span class="meta-nav">&rarr;</span></a></p>
